{"id":11610,"date":"2026-03-12T10:45:49","date_gmt":"2026-03-12T10:45:49","guid":{"rendered":"https:\/\/ockendenmatdev.wpenginepowered.com\/person\/helena-fecher\/"},"modified":"2026-03-24T14:11:56","modified_gmt":"2026-03-24T14:11:56","slug":"helena-fecher","status":"publish","type":"person","link":"https:\/\/www.ockendenmaternityreview.org.uk\/pl\/person\/helena-fecher\/","title":{"rendered":"Helena Fecher"},"content":{"rendered":"\n<p>Helen rozpocz\u0119\u0142a swoj\u0105 karier\u0119 w NHS w 1984 roku, szkol\u0105c si\u0119 w Londynie jako dyplomowana piel\u0119gniarka, a nast\u0119pnie dyplomowana po\u0142o\u017cna.<\/p>\n\n<p>Pasj\u0105 Helen jest oddzia\u0142 porodowy i wyzwania zwi\u0105zane zar\u00f3wno z normalnymi, jak i z\u0142o\u017conymi porodami. Od 26 lat jest koordynatorem oddzia\u0142u porodowego i czuje si\u0119 zaszczycona i zaszczycona, \u017ce mog\u0142a pe\u0142ni\u0107 tak\u0105 odpowiedzialno\u015b\u0107. Ta rola jest dalekosi\u0119\u017cna i obejmuje bycie rzecznikiem kobiety i jej rodziny z zaanga\u017cowaniem w kierowanie multidyscyplinarnym zespo\u0142em. Zapewnienie najwy\u017cszej jako\u015bci opieki dla wszystkich zawsze mia\u0142o dla Helen ogromne znaczenie.<\/p>\n\n<p>W swojej karierze Helen zajmowa\u0142a si\u0119 r\u00f3wnie\u017c nauczaniem. Jest cz\u0142onkiem Zespo\u0142u ds. Rozwoju Praktyki, a od wielu lat instruktorem na kursach dotycz\u0105cych post\u0119powania w nag\u0142ych przypadkach po\u0142o\u017cniczych. Helen by\u0142a prze\u0142o\u017con\u0105 po\u0142o\u017cnych i cieszy\u0142a si\u0119 wszystkimi aspektami tej roli, wspieraj\u0105c kobiety, ich rodziny, a tak\u017ce swoich koleg\u00f3w.<\/p>\n","protected":false},"featured_media":0,"template":"","meta":{"_acf_changed":false},"job-role":[8],"class_list":["post-11610","person","type-person","status-publish","hentry","job-role-midwives"],"acf":[],"yoast_head":"<!-- This site is optimized with the Yoast SEO plugin v27.2 - https:\/\/yoast.com\/product\/yoast-seo-wordpress\/ -->\n<title>Helena Fecher - Ockenden Review<\/title>\n<meta name=\"robots\" content=\"index, follow, max-snippet:-1, max-image-preview:large, max-video-preview:-1\" \/>\n<link rel=\"canonical\" href=\"https:\/\/www.ockendenmaternityreview.org.uk\/pl\/person\/helena-fecher\/\" \/>\n<meta property=\"og:locale\" content=\"pl_PL\" \/>\n<meta property=\"og:type\" content=\"article\" \/>\n<meta property=\"og:title\" content=\"Helena Fecher - Ockenden Review\" \/>\n<meta property=\"og:description\" content=\"Helen rozpocz\u0119\u0142a swoj\u0105 karier\u0119 w NHS w 1984 roku, szkol\u0105c si\u0119 w Londynie jako dyplomowana piel\u0119gniarka, a nast\u0119pnie dyplomowana po\u0142o\u017cna. Pasj\u0105 Helen jest oddzia\u0142 porodowy i wyzwania zwi\u0105zane zar\u00f3wno z normalnymi, jak i z\u0142o\u017conymi porodami. Od 26 lat jest koordynatorem oddzia\u0142u porodowego i czuje si\u0119 zaszczycona i zaszczycona, \u017ce mog\u0142a pe\u0142ni\u0107 tak\u0105 odpowiedzialno\u015b\u0107. Ta rola &hellip; Continued\" \/>\n<meta property=\"og:url\" content=\"https:\/\/www.ockendenmaternityreview.org.uk\/pl\/person\/helena-fecher\/\" \/>\n<meta property=\"og:site_name\" content=\"Ockenden Review\" \/>\n<meta property=\"article:publisher\" content=\"https:\/\/www.facebook.com\/ockendenmaternityreview?mibextid=wwXIfr\" \/>\n<meta property=\"article:modified_time\" content=\"2026-03-24T14:11:56+00:00\" \/>\n<meta name=\"twitter:card\" content=\"summary_large_image\" \/>\n<meta name=\"twitter:site\" content=\"@ockreview\" \/>\n<meta name=\"twitter:label1\" content=\"Szacowany czas czytania\" \/>\n\t<meta name=\"twitter:data1\" content=\"1 minuta\" \/>\n<script type=\"application\/ld+json\" class=\"yoast-schema-graph\">{\"@context\":\"https:\/\/schema.org\",\"@graph\":[{\"@type\":\"WebPage\",\"@id\":\"https:\/\/www.ockendenmaternityreview.org.uk\/pl\/person\/helena-fecher\/\",\"url\":\"https:\/\/www.ockendenmaternityreview.org.uk\/pl\/person\/helena-fecher\/\",\"name\":\"Helena Fecher - Ockenden Review\",\"isPartOf\":{\"@id\":\"https:\/\/www.ockendenmaternityreview.org.uk\/fa\/#website\"},\"datePublished\":\"2026-03-12T10:45:49+00:00\",\"dateModified\":\"2026-03-24T14:11:56+00:00\",\"breadcrumb\":{\"@id\":\"https:\/\/www.ockendenmaternityreview.org.uk\/pl\/person\/helena-fecher\/#breadcrumb\"},\"inLanguage\":\"pl-PL\",\"potentialAction\":[{\"@type\":\"ReadAction\",\"target\":[\"https:\/\/www.ockendenmaternityreview.org.uk\/pl\/person\/helena-fecher\/\"]}]},{\"@type\":\"BreadcrumbList\",\"@id\":\"https:\/\/www.ockendenmaternityreview.org.uk\/pl\/person\/helena-fecher\/#breadcrumb\",\"itemListElement\":[{\"@type\":\"ListItem\",\"position\":1,\"name\":\"Home\",\"item\":\"https:\/\/www.ockendenmaternityreview.org.uk\/pl\/\"},{\"@type\":\"ListItem\",\"position\":2,\"name\":\"Helena Fecher\"}]},{\"@type\":\"WebSite\",\"@id\":\"https:\/\/www.ockendenmaternityreview.org.uk\/fa\/#website\",\"url\":\"https:\/\/www.ockendenmaternityreview.org.uk\/fa\/\",\"name\":\"Ockenden Review\",\"description\":\"\",\"potentialAction\":[{\"@type\":\"SearchAction\",\"target\":{\"@type\":\"EntryPoint\",\"urlTemplate\":\"https:\/\/www.ockendenmaternityreview.org.uk\/fa\/?s={search_term_string}\"},\"query-input\":{\"@type\":\"PropertyValueSpecification\",\"valueRequired\":true,\"valueName\":\"search_term_string\"}}],\"inLanguage\":\"pl-PL\"}]}<\/script>\n<!-- \/ Yoast SEO plugin. -->","yoast_head_json":{"title":"Helena Fecher - Ockenden Review","robots":{"index":"index","follow":"follow","max-snippet":"max-snippet:-1","max-image-preview":"max-image-preview:large","max-video-preview":"max-video-preview:-1"},"canonical":"https:\/\/www.ockendenmaternityreview.org.uk\/pl\/person\/helena-fecher\/","og_locale":"pl_PL","og_type":"article","og_title":"Helena Fecher - Ockenden Review","og_description":"Helen rozpocz\u0119\u0142a swoj\u0105 karier\u0119 w NHS w 1984 roku, szkol\u0105c si\u0119 w Londynie jako dyplomowana piel\u0119gniarka, a nast\u0119pnie dyplomowana po\u0142o\u017cna. Pasj\u0105 Helen jest oddzia\u0142 porodowy i wyzwania zwi\u0105zane zar\u00f3wno z normalnymi, jak i z\u0142o\u017conymi porodami. Od 26 lat jest koordynatorem oddzia\u0142u porodowego i czuje si\u0119 zaszczycona i zaszczycona, \u017ce mog\u0142a pe\u0142ni\u0107 tak\u0105 odpowiedzialno\u015b\u0107. Ta rola &hellip; Continued","og_url":"https:\/\/www.ockendenmaternityreview.org.uk\/pl\/person\/helena-fecher\/","og_site_name":"Ockenden Review","article_publisher":"https:\/\/www.facebook.com\/ockendenmaternityreview?mibextid=wwXIfr","article_modified_time":"2026-03-24T14:11:56+00:00","twitter_card":"summary_large_image","twitter_site":"@ockreview","twitter_misc":{"Szacowany czas czytania":"1 minuta"},"schema":{"@context":"https:\/\/schema.org","@graph":[{"@type":"WebPage","@id":"https:\/\/www.ockendenmaternityreview.org.uk\/pl\/person\/helena-fecher\/","url":"https:\/\/www.ockendenmaternityreview.org.uk\/pl\/person\/helena-fecher\/","name":"Helena Fecher - Ockenden Review","isPartOf":{"@id":"https:\/\/www.ockendenmaternityreview.org.uk\/fa\/#website"},"datePublished":"2026-03-12T10:45:49+00:00","dateModified":"2026-03-24T14:11:56+00:00","breadcrumb":{"@id":"https:\/\/www.ockendenmaternityreview.org.uk\/pl\/person\/helena-fecher\/#breadcrumb"},"inLanguage":"pl-PL","potentialAction":[{"@type":"ReadAction","target":["https:\/\/www.ockendenmaternityreview.org.uk\/pl\/person\/helena-fecher\/"]}]},{"@type":"BreadcrumbList","@id":"https:\/\/www.ockendenmaternityreview.org.uk\/pl\/person\/helena-fecher\/#breadcrumb","itemListElement":[{"@type":"ListItem","position":1,"name":"Home","item":"https:\/\/www.ockendenmaternityreview.org.uk\/pl\/"},{"@type":"ListItem","position":2,"name":"Helena Fecher"}]},{"@type":"WebSite","@id":"https:\/\/www.ockendenmaternityreview.org.uk\/fa\/#website","url":"https:\/\/www.ockendenmaternityreview.org.uk\/fa\/","name":"Ockenden Review","description":"","potentialAction":[{"@type":"SearchAction","target":{"@type":"EntryPoint","urlTemplate":"https:\/\/www.ockendenmaternityreview.org.uk\/fa\/?s={search_term_string}"},"query-input":{"@type":"PropertyValueSpecification","valueRequired":true,"valueName":"search_term_string"}}],"inLanguage":"pl-PL"}]}},"_links":{"self":[{"href":"https:\/\/www.ockendenmaternityreview.org.uk\/pl\/wp-json\/wp\/v2\/person\/11610","targetHints":{"allow":["GET"]}}],"collection":[{"href":"https:\/\/www.ockendenmaternityreview.org.uk\/pl\/wp-json\/wp\/v2\/person"}],"about":[{"href":"https:\/\/www.ockendenmaternityreview.org.uk\/pl\/wp-json\/wp\/v2\/types\/person"}],"wp:attachment":[{"href":"https:\/\/www.ockendenmaternityreview.org.uk\/pl\/wp-json\/wp\/v2\/media?parent=11610"}],"wp:term":[{"taxonomy":"job-role","embeddable":true,"href":"https:\/\/www.ockendenmaternityreview.org.uk\/pl\/wp-json\/wp\/v2\/job-role?post=11610"}],"curies":[{"name":"wp","href":"https:\/\/api.w.org\/{rel}","templated":true}]}}

<p>Helen rozpoczęła swoją karierę w NHS w 1984 roku, szkoląc się w Londynie jako dyplomowana pielęgniarka, a następnie dyplomowana położna.</p>

<p>Pasją Helen jest oddział porodowy i wyzwania związane zarówno z normalnymi, jak i złożonymi porodami. Od 26 lat jest koordynatorem oddziału porodowego i czuje się zaszczycona i zaszczycona, że mogła pełnić taką odpowiedzialność. Ta rola jest dalekosiężna i obejmuje bycie rzecznikiem kobiety i jej rodziny z zaangażowaniem w kierowanie multidyscyplinarnym zespołem. Zapewnienie najwyższej jakości opieki dla wszystkich zawsze miało dla Helen ogromne znaczenie.</p>

<p>W swojej karierze Helen zajmowała się również nauczaniem. Jest członkiem Zespołu ds. Rozwoju Praktyki, a od wielu lat instruktorem na kursach dotyczących postępowania w nagłych przypadkach położniczych. Helen była przełożoną położnych i cieszyła się wszystkimi aspektami tej roli, wspierając kobiety, ich rodziny, a także swoich kolegów.</p>

<!-- This site is optimized with the Yoast SEO plugin v27.2 - https://yoast.com/product/yoast-seo-wordpress/ -->
<title>Helena Fecher - Ockenden Review</title>
<meta name="robots" content="index, follow, max-snippet:-1, max-image-preview:large, max-video-preview:-1" />
<link rel="canonical" href="https://www.ockendenmaternityreview.org.uk/pl/person/helena-fecher/" />
<meta property="og:locale" content="pl_PL" />
<meta property="og:type" content="article" />
<meta property="og:title" content="Helena Fecher - Ockenden Review" />
<meta property="og:description" content="Helen rozpoczęła swoją karierę w NHS w 1984 roku, szkoląc się w Londynie jako dyplomowana pielęgniarka, a następnie dyplomowana położna. Pasją Helen jest oddział porodowy i wyzwania związane zarówno z normalnymi, jak i złożonymi porodami. Od 26 lat jest koordynatorem oddziału porodowego i czuje się zaszczycona i zaszczycona, że mogła pełnić taką odpowiedzialność. Ta rola &hellip; Continued" />
<meta property="og:url" content="https://www.ockendenmaternityreview.org.uk/pl/person/helena-fecher/" />
<meta property="og:site_name" content="Ockenden Review" />
<meta property="article:publisher" content="https://www.facebook.com/ockendenmaternityreview?mibextid=wwXIfr" />
<meta property="article:modified_time" content="2026-03-24T14:11:56+00:00" />
<meta name="twitter:card" content="summary_large_image" />
<meta name="twitter:site" content="@ockreview" />
<meta name="twitter:label1" content="Szacowany czas czytania" />
	<meta name="twitter:data1" content="1 minuta" />
<script type="application/ld+json" class="yoast-schema-graph">{"@context":"https://schema.org","@graph":[{"@type":"WebPage","@id":"https://www.ockendenmaternityreview.org.uk/pl/person/helena-fecher/","url":"https://www.ockendenmaternityreview.org.uk/pl/person/helena-fecher/","name":"Helena Fecher - Ockenden Review","isPartOf":{"@id":"https://www.ockendenmaternityreview.org.uk/fa/#website"},"datePublished":"2026-03-12T10:45:49+00:00","dateModified":"2026-03-24T14:11:56+00:00","breadcrumb":{"@id":"https://www.ockendenmaternityreview.org.uk/pl/person/helena-fecher/#breadcrumb"},"inLanguage":"pl-PL","potentialAction":[{"@type":"ReadAction","target":["https://www.ockendenmaternityreview.org.uk/pl/person/helena-fecher/"]}]},{"@type":"BreadcrumbList","@id":"https://www.ockendenmaternityreview.org.uk/pl/person/helena-fecher/#breadcrumb","itemListElement":[{"@type":"ListItem","position":1,"name":"Home","item":"https://www.ockendenmaternityreview.org.uk/pl/"},{"@type":"ListItem","position":2,"name":"Helena Fecher"}]},{"@type":"WebSite","@id":"https://www.ockendenmaternityreview.org.uk/fa/#website","url":"https://www.ockendenmaternityreview.org.uk/fa/","name":"Ockenden Review","description":"","potentialAction":[{"@type":"SearchAction","target":{"@type":"EntryPoint","urlTemplate":"https://www.ockendenmaternityreview.org.uk/fa/?s={search_term_string}"},"query-input":{"@type":"PropertyValueSpecification","valueRequired":true,"valueName":"search_term_string"}}],"inLanguage":"pl-PL"}]}</script>
<!-- / Yoast SEO plugin. -->

Helen rozpoczęła swoją karierę w NHS w 1984 roku, szkoląc się w Londynie jako dyplomowana pielęgniarka, a następnie dyplomowana położna. Pasją Helen jest oddział porodowy i wyzwania związane zarówno z normalnymi, jak i złożonymi porodami. Od 26 lat jest koordynatorem oddziału porodowego i czuje się zaszczycona i zaszczycona, że mogła pełnić taką odpowiedzialność. Ta rola &hellip; Continued
